 247.
245
Calculate the remainder when 452 is divided by 70.
32
What is the remainder when 721 is divided by 55?
6
What is the remainder when 217 is divided by 11?
8
Calculate the remainder when 1201 is divided by 14.
11
Calculate the remainder when 12008 is divided by 77.
73
Calculate the remainder when 53 is divided by 45.
8
What is the remainder when 233 is divided by 141?
92
What is the remainder when 135 is divided by 7?
2
What is the remainder when 12663 is divided by 85?
83
What is the remainder when 4956 is divided by 16?
12
What is the remainder when 5935 is divided by 53?
52
What is the remainder when 4880 is divided by 84?
8
Calculate the remainder when 4181 is divided by 40.
21
Calculate the remainder when 1215 is divided by 40.
15
Calculate the remainder when 143 is divided by 36.
35
What is the remainder when 2170 is divided by 18?
10
Calculate the remainder when 112 is divided by 11.
2
What is the remainder when 271 is divided by 33?
7
What is the remainder when 2320 is divided by 22?
10
Calculate the remainder when 4093 is divided by 195.
193
What is the remainder when 3289 is divided by 22?
11
Calculate the remainder when 411 is divided by 396.
15
What is the remainder when 818 is divided by 20?
18
Calculate the remainder when 203 is divided by 39.
8
Calculate the remainder when 166 is divided by 21.
19
What is the remainder when 376 is divided by 92?
8
Calculate the remainder when 137 is divided by 14.
11
Calculate the remainder when 593 is divided by 35.
33
Calculate the remainder when 90 is divided by 2.
0
Calculate the remainder when 359 is divided by 20.
19
What is the remainder when 171 is divided by 118?
53
What is the remainder when 129 is divided by 45?
39
What is the remainder when 7377 is divided by 104?
97
What is the remainder when 283 is divided by 71?
70
What is the remainder when 23 is divided by 9?
5
Calculate the remainder when 126 is divided by 5.
1
What is the remainder when 299 is divided by 152?
147
What is the remainder when 21 is divided by 10?
1
Calculate the remainder when 986 is divided by 32.
26
Calculate the remainder when 1838 is divided by 19.
14
Calculate the remainder when 1939 is divided by 283.
241
What is the remainder when 1194 is divided by 171?
168
What is the remainder when 194 is divided by 85?
24
Calculate the remainder when 640 is divided by 92.
88
Calculate the remainder when 189 is divided by 95.
94
Calculate the remainder when 581 is divided by 5.
1
Calculate the remainder when 4124 is divided by 1367.
23
Calculate the remainder when 56 is divided by 20.
16
What is the remainder when 77 is divided by 58?
19
Calculate the remainder when 30 is divided by 12.
6
What is the remainder when 5575 is divided by 33?
31
Calculate the remainder when 987 is divided by 52.
51
Calculate the remainder when 9044 is divided by 15.
14
Calculate the remainder when 221 is divided by 74.
73
Calculate the remainder when 2548 is divided by 102.
100
What is the remainder when 369 is divided by 128?
113
Calculate the remainder when 175 is divided by 54.
13
What is the remainder when 1270 is divided by 129?
109
Calculate the remainder when 97 is divided by 2.
1
Calculate the remainder when 564 is divided by 22.
14
What is the remainder when 221 is divided by 21?
11
What is the remainder when 863 is divided by 36?
35
Calculate the remainder when 364 is divided by 38.
22
What is the remainder when 107 is divided by 30?
17
What is the remainder when 873 is divided by 68?
57
What is the remainder when 959 is divided by 10?
9
What is the remainder when 285 is divided by 36?
33
Calculate the remainder when 237 is divided by 77.
6
What is the remainder when 5180 is divided by 17?
12
What is the remainder when 294 is divided by 82?
48
Calculate the remainder when 1453 is divided by 28.
25
Calculate the remainder when 755 is divided by 25.
5
What is the remainder when 1114 is divided by 66?
58
Calculate the remainder when 91 is divided by 46.
45
What is the remainder when 1120 is divided by 19?
18
Calculate the remainder when 385 is divided by 24.
1
Calculate the remainder when 531 is divided by 260.
11
Calculate the remainder when 183 is divided by 21.
15
Calculate the remainder when 333 is divided by 28.
25
Calculate the remainder when 50 is divided by 19.
12
What is the remainder when 6215 is divided by 111?
110
Calculate the remainder when 63 is divided by 17.
12
What is the remainder when 565 is divided by 36?
25
Calculate the remainder when 1051 is divided by 31.
28
Calculate the remainder when 311 is divided by 8.
7
What is the remainder when 148 is divided by 8?
4
Calculate the remainder when 1133 is divided by 422.
289
Calculate the remainder when 682 is divided by 260.
162
What is the remainder when 215 is divided by 112?
103
What is the remainder when 282 is divided by 134?
14
What is the remainder when 210 is divided by 36?
30
What is the remainder when 2284 is divided by 18?
16
Calculate the remainder when 225 is divided by 31.
8
Calculate the remainder when 1357 is divided by 34.
31
Calculate the remainder when 49 is divided by 8.
1
Calculate the remainder when 394 is divided by 104.
82
Calculate the remainder when 18 is divided by 7.
4
What is the remainder when 9050 is divided by 6?
2
Calculate the remainder when 1407 is divided by 88.
87
Calculate the remainder when 466 is divided by 7.
4
What is the remainder when 323 is divided by 116?
91
Calculate the remainder when 17748 is divided by 250.
248
Calculate the remainder when 8372 is divided by 53.
51
What is the remainder when 56 is divided by 15?
11
Calculate the remainder when 9677 is divided by 334.
325
Calculate the remainder when 1577 is divided by 72.
65
Calculate the remainder when 355 is divided by 42.
19
Calculate the remainder when 190 is divided by 64.
62
What is the remainder when 780 is divided by 234?
78
Calculate the remainder when 130 is divided by 22.
20
Calculate the remainder when 925 is divided by 37.
0
Calculate the remainder when 238 is divided by 92.
54
Calculate the remainder when 1194 is divided by 40.
34
Calculate the remainder when 4966 is divided by 87.
7
What is the remainder when 18257 is divided by 11?
8
Calculate the remainder when 1545 is divided by 261.
240
Calculate the remainder when 16 is divided by 12.
4
What is the remainder when 1567 is divided by 38?
9
Calculate the remainder when 1021 is divided by 57.
52
Calculate the remainder when 144 is divided by 25.
19
What is the remainder when 105 is divided by 43?
19
Calculate the remainder when 256 is divided by 116.
24
What is the remainder when 93 is divided by 62?
31
Calculate the remainder when 112 is divided by 51.
10
Calculate the remainder when 14738 is divided by 14.
10
What is the remainder when 594 is divided by 7?
6
What is the remainder when 72 is divided by 40?
32
What is the remainder when 22110 is divided by 91?
88
What is the remainder when 46889 is divided by 90?
89
Calculate the remainder when 445 is divided by 14.
11
Calculate the remainder when 1356 is divided by 23.
22
What is the remainder when 107 is divided by 55?
52
What is the remainder when 27 is divided by 9?
0
Calculate the remainder when 78 is divided by 33.
12
What is the remainder when 30 is divided by 17?
13
What is the remainder when 5345 is divided by 52?
41
What is the remainder when 1121 is divided by 22?
21
Calculate the remainder when 1903 is divided by 128.
111
What is the remainder when 68 is divided by 54?
14
What is the remainder when 82 is divided by 5?
2
What is the remainder when 118 is divided by 2?
0
Calculate the remainder when 242 is divided by 49.
46
Calculate the remainder when 13190 is divided by 68.
66
Calculate the remainder when 190 is divided by 93.
4
What is the remainder when 726 is divided by 91?
89
What is the remainder when 5405 is divided by 169?
166
What is the remainder when 284 is divided by 16?
12
What is the remainder when 22150 is divided by 52?
50
What is the remainder when 157 is divided by 28?
17
Calculate the remainder when 3267 is divided by 5.
2
What is the remainder when 343 is divided by 69?
67
Calculate the remainder when 14782 is divided by 255.
247
What is the remainder when 29 is divided by 4?
1
Calculate the remainder when 15441